{"id":279,"date":"2025-11-03T10:38:51","date_gmt":"2025-11-03T09:38:51","guid":{"rendered":"https:\/\/www.somsperilpersonaledelgruppointesasanpaolo.org\/?page_id=279"},"modified":"2026-04-29T14:16:16","modified_gmt":"2026-04-29T12:16:16","slug":"socialita-e-tempo-libero","status":"publish","type":"page","link":"https:\/\/www.somsperilpersonaledelgruppointesasanpaolo.org\/index.php\/socialita-e-tempo-libero\/","title":{"rendered":"Socialit\u00e0 e tempo libero"},"content":{"rendered":"\n<p>Una vita piena \u00e8 fatta anche di relazioni, movimento, scoperta, gioco. Per le persone con disabilit\u00e0, accedere a esperienze di socialit\u00e0 e tempo libero significa poter contare su strumenti specifici, supporti dedicati e piccoli aiuti che rendono possibile ci\u00f2 che altrimenti resterebbe fuori portata.<\/p>\n\n\n\n<p>All&#8217;interno del <strong>Progetto di Vita<\/strong>, la SoMS sostiene questa dimensione fondamentale attraverso interventi pensati per favorire autonomia, benessere e partecipazione.<\/p>\n\n\n\n<p><strong>Contributi per l\u2019acquisto di ausili<\/strong><\/p>\n\n\n\n<p>Gli ausili non sono semplici dispositivi tecnici: sono <strong>chiavi di accesso<\/strong> a esperienze che fanno bene al corpo, alla mente e alle relazioni. La SoMS pu\u00f2 contribuire all\u2019acquisto di strumenti che permettono di vivere il tempo libero in modo pi\u00f9 autonomo, dignitoso e appagante.<\/p>\n\n\n\n<p>Rientrano tra gli ausili sostenibili, ad esempio:<\/p>\n\n\n\n<ul class=\"wp-block-list\">\n<li>attrezzature sportive adattate<\/li>\n\n\n\n<li>strumenti per la comunicazione aumentativa<\/li>\n\n\n\n<li>supporti per la mobilit\u00e0 in contesti ricreativi<\/li>\n\n\n\n<li>accessori per attivit\u00e0 artistiche e musicali<\/li>\n\n\n\n<li>tecnologie per il gioco e l\u2019interazione<\/li>\n<\/ul>\n\n\n\n<p>Il contributo \u00e8 previsto <strong>prioritariamente in caso di fragilit\u00e0 economiche<\/strong> e quando non siano disponibili altre forme di copertura, totali o parziali.<\/p>\n\n\n\n<p><strong><strong>Contributi per l\u2019estate \u2013 \u201cPi\u00f9 Estate per Tutti\u201d<\/strong><\/strong><\/p>\n\n\n\n<p>La SoMS ha attivato <em>Pi\u00f9 Estate per Tutti<\/em>, un intervento pensato per sostenere i nuclei con figli con disabilit\u00e0 e necessit\u00e0 di sostegno intensivo durante il periodo estivo.<\/p>\n\n\n\n<p>L\u2019iniziativa \u00e8 rivolta ai nuclei con <strong>ISEE \u2264 30.000<\/strong> e prevede un <strong>contributo di 500 euro<\/strong> per la partecipazione a centri estivi per bambini e ragazzi con disabilit\u00e0.<\/p>\n\n\n\n<p>Per facilitare la scelta, di seguito \u00e8 disponibile una <strong>mappatura di centri estivi e servizi sportivi specializzati<\/strong>, selezionati tra realt\u00e0 che operano nell\u2019inclusione e nell\u2019accoglienza di ragazzi con disabilit\u00e0.<\/p>\n\n\n\n<p><strong><strong>Richiedere i contributi<\/strong><\/strong><\/p>\n\n\n\n<p>Per richiedere il contributo <strong><a href=\"https:\/\/www.somsperilpersonaledelgruppointesasanpaolo.org\/wp-content\/uploads\/2026\/04\/23_202604_modulo-richiesta-piu-estate-per-tutti_def-1.xlsx\" target=\"_blank\" rel=\"noreferrer noopener\">compila il modulo<\/a><\/strong> e segui le istruzioni al suo interno.<\/p>\n\n\n\n<p>Per informazioni o per attivare una richiesta:&nbsp;<\/p>\n\n\n\n<p><strong><a href=\"mailto:somsperilpersonaledelgruppointesasanpaolo@intesasanpaolo.com\">somsperilpersonaledelgruppointesasanpaolo@intesasanpaolo.com<\/a><\/strong><\/p>\n\n\n<div class=\"map_wrapper\" id=\"map_wrapper_389\">\n<div class=\"map_box\" style=\"max-width:2000px\">\n<div class=\"map_aspect_ratio\" style=\"padding-top:56%\" data-padding-top=\"56%\" data-padding-top-mobile=\"130%\">\n<div class=\"map_container\">\n<div class=\"map_render map_loading\" id=\"map_389\"><\/div>\n<\/div>\n<\/div>\n<\/div>\n<\/div>\n\n\n\n<p><\/p>\n","protected":false},"excerpt":{"rendered":"<p>Una vita piena \u00e8 fatta anche di relazioni, movimento, scoperta, gioco. Per le persone con disabilit\u00e0, accedere a esperienze di socialit\u00e0 e tempo libero significa poter contare su strumenti specifici, supporti dedicati e piccoli aiuti che rendono possibile ci\u00f2 che altrimenti resterebbe fuori portata. All&#8217;interno del Progetto di Vita, la SoMS sostiene questa dimensione fondamentale [&hellip;]<\/p>\n","protected":false},"author":1,"featured_media":0,"parent":0,"menu_order":0,"comment_status":"closed","ping_status":"closed","template":"","meta":{"footnotes":""},"class_list":["post-279","page","type-page","status-publish","czr-hentry"],"publishpress_future_action":{"enabled":false,"date":"2026-05-14 15:43:01","action":"change-status","newStatus":"draft","terms":[],"taxonomy":"","extraData":[]},"publishpress_future_workflow_manual_trigger":{"enabledWorkflows":[]},"_links":{"self":[{"href":"https:\/\/www.somsperilpersonaledelgruppointesasanpaolo.org\/index.php\/wp-json\/wp\/v2\/pages\/279","targetHints":{"allow":["GET"]}}],"collection":[{"href":"https:\/\/www.somsperilpersonaledelgruppointesasanpaolo.org\/index.php\/wp-json\/wp\/v2\/pages"}],"about":[{"href":"https:\/\/www.somsperilpersonaledelgruppointesasanpaolo.org\/index.php\/wp-json\/wp\/v2\/types\/page"}],"author":[{"embeddable":true,"href":"https:\/\/www.somsperilpersonaledelgruppointesasanpaolo.org\/index.php\/wp-json\/wp\/v2\/users\/1"}],"replies":[{"embeddable":true,"href":"https:\/\/www.somsperilpersonaledelgruppointesasanpaolo.org\/index.php\/wp-json\/wp\/v2\/comments?post=279"}],"version-history":[{"count":10,"href":"https:\/\/www.somsperilpersonaledelgruppointesasanpaolo.org\/index.php\/wp-json\/wp\/v2\/pages\/279\/revisions"}],"predecessor-version":[{"id":445,"href":"https:\/\/www.somsperilpersonaledelgruppointesasanpaolo.org\/index.php\/wp-json\/wp\/v2\/pages\/279\/revisions\/445"}],"wp:attachment":[{"href":"https:\/\/www.somsperilpersonaledelgruppointesasanpaolo.org\/index.php\/wp-json\/wp\/v2\/media?parent=279"}],"curies":[{"name":"wp","href":"https:\/\/api.w.org\/{rel}","templated":true}]}}