{"id":357,"date":"2025-12-18T10:16:39","date_gmt":"2025-12-18T09:16:39","guid":{"rendered":"https:\/\/www.somsperilpersonaledelgruppointesasanpaolo.org\/?page_id=357"},"modified":"2025-12-18T11:09:01","modified_gmt":"2025-12-18T10:09:01","slug":"auguri-di-buone-feste-dalla-soms","status":"publish","type":"page","link":"https:\/\/www.somsperilpersonaledelgruppointesasanpaolo.org\/index.php\/auguri-di-buone-feste-dalla-soms\/","title":{"rendered":"Auguri di Buone Feste dalla SoMS"},"content":{"rendered":"\n<p>Il Consiglio di Amministrazione, l\u2019Organo di Controllo e il personale della SoMS rivolgono a tutte le socie e i soci, e alle loro famiglie, i pi\u00f9 sinceri auguri di Buone Feste.<\/p>\n\n\n\n<p>In questi quasi due anni di attivit\u00e0 la vostra adesione e il vostro sostegno hanno permesso alla SoMS di crescere nella progettualit\u00e0 e di dare risposte concrete a bisogni reali.<\/p>\n\n\n\n<p>Le quote di iscrizione e le donazioni hanno reso possibile sostenere <strong>soci con fragilit\u00e0 personali, figli di soci con disabilit\u00e0 e necessit\u00e0 di sostegno intensivo e familiari in condizioni di vulnerabilit\u00e0<\/strong>, attraverso sussidi per spese socio-sanitarie e sostegni economici diretti, per un importo complessivo di circa <strong>\u20ac 145.000<\/strong>.<\/p>\n\n\n\n<p>Grazie al vostro supporto abbiamo potuto proporre iniziative importanti come <strong>\u201cSostengo il tuo Futuro\u201d <\/strong>e<strong> <\/strong>avviare la progettualit\u00e0 legata al <strong>Progetto di Vita<\/strong>, per accompagnare i soci e i loro familiari con disabilit\u00e0 nella costruzione di un piano individuale, personalizzato e partecipato, dotato di un budget personale e finalizzato a garantire autonomia, inclusione sociale e lavorativa e benessere complessivo.<\/p>\n\n\n\n<p>Questi risultati dimostrano che le sfide della vita fanno parte della vita stessa e affrontarle insieme, grazie agli strumenti mutualistici della SoMS, significa non sentirsi soli, ma parte di una comunit\u00e0 che offre un sostegno reciproco e concreto.<\/p>\n\n\n\n<p>Grazie per accompagnarci in questo percorso.<\/p>\n\n\n\n<p>Con l\u2019augurio di <strong>serene festivit\u00e0<\/strong> e di un <strong>nuovo anno ricco di soddisfazioni<\/strong>, vi salutiamo con calore.<\/p>\n\n\n\n<p><strong>Il Consiglio di Amministrazione, l\u2019Organo di Controllo e il personale della <\/strong><strong>SoMS<\/strong><\/p>\n","protected":false},"excerpt":{"rendered":"<p>Il Consiglio di Amministrazione, l\u2019Organo di Controllo e il personale della SoMS rivolgono a tutte le socie e i soci, e alle loro famiglie, i pi\u00f9 sinceri auguri di Buone Feste. In questi quasi due anni di attivit\u00e0 la vostra adesione e il vostro sostegno hanno permesso alla SoMS di crescere nella progettualit\u00e0 e di [&hellip;]<\/p>\n","protected":false},"author":1,"featured_media":0,"parent":0,"menu_order":0,"comment_status":"closed","ping_status":"closed","template":"","meta":{"footnotes":""},"class_list":["post-357","page","type-page","status-publish","czr-hentry"],"publishpress_future_action":{"enabled":false,"date":"2026-05-07 08:28:31","action":"change-status","newStatus":"draft","terms":[],"taxonomy":"","extraData":[]},"publishpress_future_workflow_manual_trigger":{"enabledWorkflows":[]},"_links":{"self":[{"href":"https:\/\/www.somsperilpersonaledelgruppointesasanpaolo.org\/index.php\/wp-json\/wp\/v2\/pages\/357","targetHints":{"allow":["GET"]}}],"collection":[{"href":"https:\/\/www.somsperilpersonaledelgruppointesasanpaolo.org\/index.php\/wp-json\/wp\/v2\/pages"}],"about":[{"href":"https:\/\/www.somsperilpersonaledelgruppointesasanpaolo.org\/index.php\/wp-json\/wp\/v2\/types\/page"}],"author":[{"embeddable":true,"href":"https:\/\/www.somsperilpersonaledelgruppointesasanpaolo.org\/index.php\/wp-json\/wp\/v2\/users\/1"}],"replies":[{"embeddable":true,"href":"https:\/\/www.somsperilpersonaledelgruppointesasanpaolo.org\/index.php\/wp-json\/wp\/v2\/comments?post=357"}],"version-history":[{"count":1,"href":"https:\/\/www.somsperilpersonaledelgruppointesasanpaolo.org\/index.php\/wp-json\/wp\/v2\/pages\/357\/revisions"}],"predecessor-version":[{"id":358,"href":"https:\/\/www.somsperilpersonaledelgruppointesasanpaolo.org\/index.php\/wp-json\/wp\/v2\/pages\/357\/revisions\/358"}],"wp:attachment":[{"href":"https:\/\/www.somsperilpersonaledelgruppointesasanpaolo.org\/index.php\/wp-json\/wp\/v2\/media?parent=357"}],"curies":[{"name":"wp","href":"https:\/\/api.w.org\/{rel}","templated":true}]}}

<p>Il Consiglio di Amministrazione, l’Organo di Controllo e il personale della SoMS rivolgono a tutte le socie e i soci, e alle loro famiglie, i più sinceri auguri di Buone Feste.</p>



<p>In questi quasi due anni di attività la vostra adesione e il vostro sostegno hanno permesso alla SoMS di crescere nella progettualità e di dare risposte concrete a bisogni reali.</p>



<p>Le quote di iscrizione e le donazioni hanno reso possibile sostenere <strong>soci con fragilità personali, figli di soci con disabilità e necessità di sostegno intensivo e familiari in condizioni di vulnerabilità</strong>, attraverso sussidi per spese socio-sanitarie e sostegni economici diretti, per un importo complessivo di circa <strong>€ 145.000</strong>.</p>



<p>Grazie al vostro supporto abbiamo potuto proporre iniziative importanti come <strong>“Sostengo il tuo Futuro” </strong>e<strong> </strong>avviare la progettualità legata al <strong>Progetto di Vita</strong>, per accompagnare i soci e i loro familiari con disabilità nella costruzione di un piano individuale, personalizzato e partecipato, dotato di un budget personale e finalizzato a garantire autonomia, inclusione sociale e lavorativa e benessere complessivo.</p>



<p>Questi risultati dimostrano che le sfide della vita fanno parte della vita stessa e affrontarle insieme, grazie agli strumenti mutualistici della SoMS, significa non sentirsi soli, ma parte di una comunità che offre un sostegno reciproco e concreto.</p>



<p>Grazie per accompagnarci in questo percorso.</p>



<p>Con l’augurio di <strong>serene festività</strong> e di un <strong>nuovo anno ricco di soddisfazioni</strong>, vi salutiamo con calore.</p>



<p><strong>Il Consiglio di Amministrazione, l’Organo di Controllo e il personale della </strong><strong>SoMS</strong></p>

<p>Il Consiglio di Amministrazione, l’Organo di Controllo e il personale della SoMS rivolgono a tutte le socie e i soci, e alle loro famiglie, i più sinceri auguri di Buone Feste. In questi quasi due anni di attività la vostra adesione e il vostro sostegno hanno permesso alla SoMS di crescere nella progettualità e di [&hellip;]</p>
