{"id":376,"date":"2026-03-13T11:22:57","date_gmt":"2026-03-13T10:22:57","guid":{"rendered":"https:\/\/www.somsperilpersonaledelgruppointesasanpaolo.org\/?page_id=376"},"modified":"2026-03-13T11:33:40","modified_gmt":"2026-03-13T10:33:40","slug":"corso-per-amministratori-di-sostegno","status":"publish","type":"page","link":"https:\/\/www.somsperilpersonaledelgruppointesasanpaolo.org\/index.php\/corso-per-amministratori-di-sostegno\/","title":{"rendered":"CORSO PER AMMINISTRATORI DI SOSTEGNO"},"content":{"rendered":"\n<p><strong><strong>AMMINISTRATORE DI SOSTEGNO<\/strong><\/strong><\/p>\n\n\n\n<p>L\u2019amministratore di sostegno \u00e8 una figura prevista dalla legge per affiancare e tutelare le persone che si trovano in una condizione di fragilit\u00e0, temporanea o permanente, supportandole nella gestione di aspetti personali, sanitari o patrimoniali.<br>\u00c8 uno strumento di protezione flessibile, con l\u2019obiettivo di sostenere la persona, nel pieno rispetto della sua autonomia e dignit\u00e0.<\/p>\n\n\n\n<p>La <strong>SoMS<\/strong><strong> <\/strong>organizza ogni anno un corso di formazione gratuito, articolato in due edizioni annuali.<\/p>\n\n\n\n<p>Il percorso, della durata di 10 ore suddivise in cinque moduli, \u00e8 rivolto a chi desidera approfondire ruolo e responsabilit\u00e0 dell\u2019amministratore di sostegno, acquisendo competenze giuridiche, sociali, fiscali e relazionali. Durante il corso saranno approfondite le prassi dei tribunali, il funzionamento dei servizi sociali, gli aspetti economici e la relazione d\u2019aiuto.<\/p>\n\n\n\n<p>Un\u2019opportunit\u00e0 concreta per conoscere e approfondire il contesto in cui opera l\u2019amministratore di sostegno.<\/p>\n\n\n\n<p><strong>Primo modulo:<br><\/strong>Fondamenti giuridici dell\u2019amministratore di sostegno<br>Durata dell\u2019incontro: 2 ore<br>Formatore: avvocato esperto nella tematica dell\u2019amministratore di sostegno<\/p>\n\n\n\n<p><strong>Secondo modulo:<br><\/strong>L\u2019amministrazione di sostegno nelle prassi dei tribunali e nella giurisprudenza<br>Durata dell\u2019incontro: 2 ore<br>Formatore: avvocato esperto nella tematica dell\u2019amministratore di sostegno<\/p>\n\n\n\n<p><strong>Terzo modulo:<br><\/strong>L\u2019amministrazione di sostegno nel Sistema dei Servizi Sociali e il rapporto con il Terzo Settore. I principali Servizi di sostegno e inclusione<br>Durata dell\u2019incontro: 2 ore<br>Formatore: Assistente Sociale<\/p>\n\n\n\n<p><strong>Quarto modulo:<br><\/strong>Adempimenti fiscali delle persone fisiche. Assistenza e Previdenza Sociale.<br>Durata dell\u2019incontro: 2 ore<br>Formatore: Operatore Fiscale e Docente di Economia<\/p>\n\n\n\n<p><strong>Quinto modulo:<br><\/strong>La relazione di aiuto: aspetti psicologici ed emozionali<br>Durata dell\u2019incontro: 2 ore<br>Formatore: Psicologo<\/p>\n\n\n\n<p><strong><strong>Per iscriverti o avere maggiori informazioni, contattaci!<\/strong><\/strong><br><strong>scrivi a:<\/strong>&nbsp;<a href=\"mailto:somsperilpersonaledelgruppointesasanpaolo@intesasanpaolo.com\">somsperilpersonaledelgruppointesasanpaolo@intesasanpaolo.com<\/a><\/p>\n\n\n\n<p>\u00c8 inoltre disponibile un <strong><a href=\"https:\/\/www.lumsahumanacademy.it\/elenco-professionisti-formati-in-amministrazione-di-sostegno\" target=\"_BLANK\">elenco di amministratori di sostegno<\/a> <\/strong>formati presso Lumsa Human Academy, quale riferimento qualificato per chi \u00e8 alla ricerca di figure adeguatamente preparate.<\/p>\n\n\n\n<p><\/p>\n","protected":false},"excerpt":{"rendered":"<p>AMMINISTRATORE DI SOSTEGNO L\u2019amministratore di sostegno \u00e8 una figura prevista dalla legge per affiancare e tutelare le persone che si trovano in una condizione di fragilit\u00e0, temporanea o permanente, supportandole nella gestione di aspetti personali, sanitari o patrimoniali.\u00c8 uno strumento di protezione flessibile, con l\u2019obiettivo di sostenere la persona, nel pieno rispetto della sua autonomia [&hellip;]<\/p>\n","protected":false},"author":1,"featured_media":0,"parent":0,"menu_order":0,"comment_status":"closed","ping_status":"closed","template":"","meta":{"footnotes":""},"class_list":["post-376","page","type-page","status-publish","czr-hentry"],"publishpress_future_action":{"enabled":false,"date":"2026-05-05 16:31:02","action":"change-status","newStatus":"draft","terms":[],"taxonomy":"","extraData":[]},"publishpress_future_workflow_manual_trigger":{"enabledWorkflows":[]},"_links":{"self":[{"href":"https:\/\/www.somsperilpersonaledelgruppointesasanpaolo.org\/index.php\/wp-json\/wp\/v2\/pages\/376","targetHints":{"allow":["GET"]}}],"collection":[{"href":"https:\/\/www.somsperilpersonaledelgruppointesasanpaolo.org\/index.php\/wp-json\/wp\/v2\/pages"}],"about":[{"href":"https:\/\/www.somsperilpersonaledelgruppointesasanpaolo.org\/index.php\/wp-json\/wp\/v2\/types\/page"}],"author":[{"embeddable":true,"href":"https:\/\/www.somsperilpersonaledelgruppointesasanpaolo.org\/index.php\/wp-json\/wp\/v2\/users\/1"}],"replies":[{"embeddable":true,"href":"https:\/\/www.somsperilpersonaledelgruppointesasanpaolo.org\/index.php\/wp-json\/wp\/v2\/comments?post=376"}],"version-history":[{"count":5,"href":"https:\/\/www.somsperilpersonaledelgruppointesasanpaolo.org\/index.php\/wp-json\/wp\/v2\/pages\/376\/revisions"}],"predecessor-version":[{"id":383,"href":"https:\/\/www.somsperilpersonaledelgruppointesasanpaolo.org\/index.php\/wp-json\/wp\/v2\/pages\/376\/revisions\/383"}],"wp:attachment":[{"href":"https:\/\/www.somsperilpersonaledelgruppointesasanpaolo.org\/index.php\/wp-json\/wp\/v2\/media?parent=376"}],"curies":[{"name":"wp","href":"https:\/\/api.w.org\/{rel}","templated":true}]}}

<p><strong><strong>AMMINISTRATORE DI SOSTEGNO</strong></strong></p>



<p>L’amministratore di sostegno è una figura prevista dalla legge per affiancare e tutelare le persone che si trovano in una condizione di fragilità, temporanea o permanente, supportandole nella gestione di aspetti personali, sanitari o patrimoniali.<br>È uno strumento di protezione flessibile, con l’obiettivo di sostenere la persona, nel pieno rispetto della sua autonomia e dignità.</p>



<p>La <strong>SoMS</strong><strong> </strong>organizza ogni anno un corso di formazione gratuito, articolato in due edizioni annuali.</p>



<p>Il percorso, della durata di 10 ore suddivise in cinque moduli, è rivolto a chi desidera approfondire ruolo e responsabilità dell’amministratore di sostegno, acquisendo competenze giuridiche, sociali, fiscali e relazionali. Durante il corso saranno approfondite le prassi dei tribunali, il funzionamento dei servizi sociali, gli aspetti economici e la relazione d’aiuto.</p>



<p>Un’opportunità concreta per conoscere e approfondire il contesto in cui opera l’amministratore di sostegno.</p>



<p><strong>Primo modulo:<br></strong>Fondamenti giuridici dell’amministratore di sostegno<br>Durata dell’incontro: 2 ore<br>Formatore: avvocato esperto nella tematica dell’amministratore di sostegno</p>



<p><strong>Secondo modulo:<br></strong>L’amministrazione di sostegno nelle prassi dei tribunali e nella giurisprudenza<br>Durata dell’incontro: 2 ore<br>Formatore: avvocato esperto nella tematica dell’amministratore di sostegno</p>



<p><strong>Terzo modulo:<br></strong>L’amministrazione di sostegno nel Sistema dei Servizi Sociali e il rapporto con il Terzo Settore. I principali Servizi di sostegno e inclusione<br>Durata dell’incontro: 2 ore<br>Formatore: Assistente Sociale</p>



<p><strong>Quarto modulo:<br></strong>Adempimenti fiscali delle persone fisiche. Assistenza e Previdenza Sociale.<br>Durata dell’incontro: 2 ore<br>Formatore: Operatore Fiscale e Docente di Economia</p>



<p><strong>Quinto modulo:<br></strong>La relazione di aiuto: aspetti psicologici ed emozionali<br>Durata dell’incontro: 2 ore<br>Formatore: Psicologo</p>



<p><strong><strong>Per iscriverti o avere maggiori informazioni, contattaci!</strong></strong><br><strong>scrivi a:</strong>&nbsp;<a href="mailto:somsperilpersonaledelgruppointesasanpaolo@intesasanpaolo.com">somsperilpersonaledelgruppointesasanpaolo@intesasanpaolo.com</a></p>



<p>È inoltre disponibile un <strong><a href="https://www.lumsahumanacademy.it/elenco-professionisti-formati-in-amministrazione-di-sostegno" target="_BLANK">elenco di amministratori di sostegno</a> </strong>formati presso Lumsa Human Academy, quale riferimento qualificato per chi è alla ricerca di figure adeguatamente preparate.</p>



<p></p>

<p>AMMINISTRATORE DI SOSTEGNO L’amministratore di sostegno è una figura prevista dalla legge per affiancare e tutelare le persone che si trovano in una condizione di fragilità, temporanea o permanente, supportandole nella gestione di aspetti personali, sanitari o patrimoniali.È uno strumento di protezione flessibile, con l’obiettivo di sostenere la persona, nel pieno rispetto della sua autonomia [&hellip;]</p>
