{"id":58,"date":"2024-03-21T15:34:28","date_gmt":"2024-03-21T14:34:28","guid":{"rendered":"http:\/\/app01stplsoms.servizi.infogroup.it:8081\/?page_id=58"},"modified":"2024-06-03T16:40:02","modified_gmt":"2024-06-03T14:40:02","slug":"soci","status":"publish","type":"page","link":"https:\/\/www.somsperilpersonaledelgruppointesasanpaolo.org\/index.php\/soci\/","title":{"rendered":"SOCI"},"content":{"rendered":"\n<p><strong><em>Insieme \u00e8 meglio<\/em><\/strong><\/p>\n\n\n\n<p><strong>Componenti essenziali <\/strong>della Societ\u00e0 di Mutuo Soccorso per il personale del Gruppo Intesa Sanpaolo <strong>sono i soci <\/strong>sia come <strong>promotori dei principi di mutualit\u00e0 e solidariet\u00e0 <\/strong>sia come <strong>diretti beneficiari<\/strong> delle attivit\u00e0 della SoMS.<\/p>\n\n\n\n<p>I soci, come definiti in <a href=\"\/wp-content\/uploads\/2024\/03\/SoMS_Statuto_22-12-2023.pdf\" data-type=\"link\" data-id=\"\/wp-content\/uploads\/2024\/03\/SoMS_Statuto_22-12-2023.pdf\" target=\"_blank\" rel=\"noreferrer noopener\"><strong>Statuto<\/strong> <\/a>e specificati nel <a href=\"\/wp-content\/uploads\/2024\/06\/SoMS-Regolamento-Soci_approvato-27052024.pdf\" data-type=\"link\" data-id=\"\/wp-content\/uploads\/2024\/06\/SoMS-Regolamento-Soci_approvato-27052024.pdf\" target=\"_blank\" rel=\"noreferrer noopener\"><strong>Regolamento<\/strong><\/a>, sono:<\/p>\n\n\n\n<ul class=\"wp-block-list\">\n<li><strong>soci ordinari <\/strong>i dipendenti del Gruppo Intesa Sanpaolo, perimetro \u201cItalia\u201d e i loro familiari conviventi<\/li>\n<\/ul>\n\n\n\n<ul class=\"wp-block-list\">\n<li><strong>soci ordinari familiari <\/strong>i familiari non conviventi dei dipendenti del Gruppo Intesa Sanpaolo<\/li>\n<\/ul>\n\n\n\n<ul class=\"wp-block-list\">\n<li><strong>soci convenzionati <\/strong>altre societ\u00e0 di mutuo soccorso, fondi sanitari e casse di assistenza sanitaria integrativa<\/li>\n<\/ul>\n\n\n\n<ul class=\"wp-block-list\">\n<li><strong>soci sostenitori <\/strong>coloro che effettuano conferimenti patrimoniali, a titolo di liberalit\u00e0, per il raggiungimento degli scopi sociali.<\/li>\n<\/ul>\n","protected":false},"excerpt":{"rendered":"<p>Insieme \u00e8 meglio Componenti essenziali della Societ\u00e0 di Mutuo Soccorso per il personale del Gruppo Intesa Sanpaolo sono i soci sia come promotori dei principi di mutualit\u00e0 e solidariet\u00e0 sia come diretti beneficiari delle attivit\u00e0 della SoMS. I soci, come definiti in Statuto e specificati nel Regolamento, sono:<\/p>\n","protected":false},"author":1,"featured_media":0,"parent":0,"menu_order":0,"comment_status":"closed","ping_status":"closed","template":"","meta":{"footnotes":""},"class_list":["post-58","page","type-page","status-publish","czr-hentry"],"publishpress_future_action":{"enabled":false,"date":"2026-04-22 03:46:10","action":"change-status","newStatus":"draft","terms":[],"taxonomy":"","extraData":[]},"publishpress_future_workflow_manual_trigger":{"enabledWorkflows":[]},"_links":{"self":[{"href":"https:\/\/www.somsperilpersonaledelgruppointesasanpaolo.org\/index.php\/wp-json\/wp\/v2\/pages\/58","targetHints":{"allow":["GET"]}}],"collection":[{"href":"https:\/\/www.somsperilpersonaledelgruppointesasanpaolo.org\/index.php\/wp-json\/wp\/v2\/pages"}],"about":[{"href":"https:\/\/www.somsperilpersonaledelgruppointesasanpaolo.org\/index.php\/wp-json\/wp\/v2\/types\/page"}],"author":[{"embeddable":true,"href":"https:\/\/www.somsperilpersonaledelgruppointesasanpaolo.org\/index.php\/wp-json\/wp\/v2\/users\/1"}],"replies":[{"embeddable":true,"href":"https:\/\/www.somsperilpersonaledelgruppointesasanpaolo.org\/index.php\/wp-json\/wp\/v2\/comments?post=58"}],"version-history":[{"count":3,"href":"https:\/\/www.somsperilpersonaledelgruppointesasanpaolo.org\/index.php\/wp-json\/wp\/v2\/pages\/58\/revisions"}],"predecessor-version":[{"id":107,"href":"https:\/\/www.somsperilpersonaledelgruppointesasanpaolo.org\/index.php\/wp-json\/wp\/v2\/pages\/58\/revisions\/107"}],"wp:attachment":[{"href":"https:\/\/www.somsperilpersonaledelgruppointesasanpaolo.org\/index.php\/wp-json\/wp\/v2\/media?parent=58"}],"curies":[{"name":"wp","href":"https:\/\/api.w.org\/{rel}","templated":true}]}}